{"id":292,"date":"2019-01-15T12:47:22","date_gmt":"2019-01-15T12:47:22","guid":{"rendered":"http:\/\/fice.hr\/?page_id=292"},"modified":"2026-02-23T21:17:45","modified_gmt":"2026-02-23T21:17:45","slug":"godisnja-izvjesca-o-radu","status":"publish","type":"page","link":"https:\/\/fice.hr\/?page_id=292","title":{"rendered":"Godi\u0161nja izvje\u0161\u0107a o radu"},"content":{"rendered":"<p><a href=\"http:\/\/fice.hr\/wp-content\/uploads\/2026\/02\/Strateski-plan-2026.-2030.-FICE-Hrvatska-1.pdf\">Strate\u0161ki plan 2026.-2030. FICE Hrvatska<\/a><\/p>\n<p><a href=\"http:\/\/fice.hr\/wp-content\/uploads\/2026\/01\/Operativni-plan-za-2026.-FICE-Hrvatska-1.pdf\">Operativni plan za 2026. FICE Hrvatska<\/a><\/p>\n<p><a href=\"http:\/\/fice.hr\/wp-content\/uploads\/2026\/01\/Financijski-plan-udruge-za-2026..pdf\">Financijski plan udruge za 2026.<\/a><\/p>\n<p><a href=\"http:\/\/fice.hr\/wp-content\/uploads\/2026\/01\/Izvjesce-o-radu-udruge-za-2025..pdf\">Izvje\u0161\u0107e o radu udruge za 2025.<\/a><\/p>\n<p><a href=\"http:\/\/fice.hr\/wp-content\/uploads\/2026\/01\/Financijsko-izvjesce-udruge-za-2025.pdf\">Financijsko izvje\u0161\u0107e udruge za 2025<\/a><\/p>\n<p><a href=\"http:\/\/fice.hr\/wp-content\/uploads\/2025\/01\/Operativni-plan-za-2025.-FICE-Hrvatska.pdf\">Operativni plan za 2025. FICE Hrvatska<\/a><\/p>\n<p><a href=\"http:\/\/fice.hr\/wp-content\/uploads\/2025\/01\/Izvjesce-o-radu-udruge-za-2024.pdf\">Izvje\u0161\u0107e o radu udruge za 2024<\/a><\/p>\n<p><a href=\"http:\/\/fice.hr\/wp-content\/uploads\/2025\/01\/Financijski-plan-za-2025.-.pdf\">Financijski plan za 2025.<\/a><\/p>\n<p><a href=\"http:\/\/fice.hr\/wp-content\/uploads\/2025\/03\/Financijsko-izvjesce-za-2024..xls\">Financijsko izvje\u0161\u0107e za 2024.<\/a><\/p>\n<p><a href=\"http:\/\/fice.hr\/wp-content\/uploads\/2024\/04\/Financijski-izvjestaj-2023.-FINA.xls.zip\">Financijski izvje\u0161taj 2023. FINA.xls<\/a><\/p>\n<p><a href=\"http:\/\/fice.hr\/wp-content\/uploads\/2024\/01\/Operativni-plan-za-2024..pdf\">Operativni plan za 2024.<\/a><\/p>\n<p><a href=\"http:\/\/fice.hr\/wp-content\/uploads\/2024\/01\/Financijski-plan-za-2024.-2.pdf\">Financijski plan za 2024.<\/a><\/p>\n<p><a href=\"http:\/\/fice.hr\/wp-content\/uploads\/2024\/01\/Plan-i-program-rada-udruge-za-2024..pdf\">Plan i program rada udruge za 2024.<\/a><\/p>\n<p><a href=\"http:\/\/fice.hr\/wp-content\/uploads\/2024\/01\/Izvjesce-o-radu-udruge-za-2023.-1.pdf\">Izvje\u0161\u0107e o radu udruge za 2023.<\/a><\/p>\n<p><a href=\"http:\/\/fice.hr\/wp-content\/uploads\/2024\/01\/Financijski-izvjestaj-za-2023..pdf\">Financijski izvje\u0161taj za 2023.<\/a><\/p>\n<p><a href=\"http:\/\/fice.hr\/wp-content\/uploads\/2023\/05\/Financijski-plan-za-2023.-FICE-HR.pdf\">Financijski plan za 2023. FICE HR<\/a><\/p>\n<p><a href=\"http:\/\/fice.hr\/wp-content\/uploads\/2023\/01\/Operativni-plan-za-2023.pdf\">Operativni plan za 2023<\/a><\/p>\n<p><a href=\"http:\/\/fice.hr\/wp-content\/uploads\/2023\/01\/Plan-i-program-rada-udruge-za-2023.-2.pdf\">Plan i program rada udruge za 2023.<\/a><\/p>\n<p><a href=\"http:\/\/fice.hr\/wp-content\/uploads\/2024\/01\/FINANCIJSKI-IZVJESTAJ-2022.-FICE-12-2022.pdf\">FINANCIJSKI IZVJE\u0160TAJ 2022. FICE-12-2022<\/a><br \/>\n<!--more--><a style=\"font-size: revert;\" href=\"http:\/\/fice.hr\/wp-content\/uploads\/2023\/01\/Finacijski-izvjestaj-za-2022..pdf\">Financijski izvje\u0161taj za 2022.<\/a><\/p>\n<p><a href=\"http:\/\/fice.hr\/wp-content\/uploads\/2021\/12\/Financijski-plan-2022.-FICE-Hrvatska.pptx\">Financijski plan 2022.<\/a><\/p>\n<p><a href=\"http:\/\/fice.hr\/wp-content\/uploads\/2023\/01\/Godisnje-izvjesce-o-radu-udruge-za-2022_compressed.pdf\">Godi\u0161nje izvje\u0161\u0107e o radu udruge za 2022.<\/a><\/p>\n<p><a href=\"http:\/\/fice.hr\/wp-content\/uploads\/2023\/01\/Operativni-plan-za-2022.pdf\">Operativni plan za 2022<\/a><\/p>\n<p><a href=\"http:\/\/fice.hr\/wp-content\/uploads\/2021\/12\/Plan-i-program-rada-udruge-fice-hr-2022..pdf\">Plan i program rada udruge 2022.<\/a><br \/>\n<a href=\"http:\/\/fice.hr\/wp-content\/uploads\/2022\/04\/Financijsko-izvje\u0161\u0107e-FINA-FICE-2021.pdf\">Financijsko izvje\u0161\u0107e FINA -FICE-2021<\/a><\/p>\n<p><a href=\"http:\/\/fice.hr\/wp-content\/uploads\/2021\/12\/Financijsko-izvje\u0161\u0107e-2021.-FICE-Hrvatska.pptx\">Financijsko izvje\u0161\u0107e 2021. <\/a><\/p>\n<p><a href=\"http:\/\/fice.hr\/wp-content\/uploads\/2021\/12\/Izvje\u0161\u0107e-o-radu-udruge-2021.-fice-hr.pdf\">Godi\u0161nje izvje\u0161\u0107e o radu udruge 2021. <\/a><\/p>\n<p><a href=\"http:\/\/fice.hr\/wp-content\/uploads\/2021\/01\/Financijski-plan-2021.-FICE-Hrvatska-1.pdf\">Financijski plan &#8211; 2021. FICE Hrvatska<\/a><\/p>\n<p><a href=\"http:\/\/fice.hr\/wp-content\/uploads\/2021\/01\/Plan-i-program-rada-2021.-FICE-Hrvatska-2.pdf\">Plan i program rada 2021. FICE Hrvatska<\/a><\/p>\n<p><a href=\"http:\/\/fice.hr\/wp-content\/uploads\/2022\/04\/Operativni-plan-FICE-Hrvatska.pdf\">Operativni plan FICE Hrvatska<\/a><\/p>\n<p><a href=\"http:\/\/fice.hr\/wp-content\/uploads\/2022\/04\/Strate\u0161ki-plan-FICE-Hrvatska.pdf\">Strate\u0161ki plan FICE Hrvatska<\/a><\/p>\n<p><a href=\"http:\/\/fice.hr\/wp-content\/uploads\/2021\/03\/Fice-Hr-godi\u0161nji-financijski-izvje\u0161taj-2020..pdf\">Godi\u0161nji financijski izvje\u0161taj 2020.<\/a><\/p>\n<p><a href=\"http:\/\/fice.hr\/wp-content\/uploads\/2020\/12\/Godi\u0161nje-izvje\u0161\u0107e-o-radu-2020..pdf\">Godi\u0161nje izvje\u0161\u0107e o radu 2020.<\/a><\/p>\n<p><a href=\"http:\/\/fice.hr\/wp-content\/uploads\/2020\/06\/SCAN0000.pdf\">Financijsko izvje\u0161\u0107e 2019.<\/a><\/p>\n<p><a href=\"http:\/\/fice.hr\/wp-content\/uploads\/2020\/02\/izvjesce-o-radu-udruge-2019.pdf\">Godi\u0161nje izvjesce o radu 2019<\/a><\/p>\n<p><a href=\"http:\/\/fice.hr\/wp-content\/uploads\/2019\/08\/izvjesce-o-radu-udruge-2018.pdf\">Godi\u0161nje izvje\u0161\u0107e o radu, 2018.<\/a><\/p>\n<p><a href=\"http:\/\/fice.hr\/wp-content\/uploads\/2019\/08\/izvjesce-o-radu-udruge-2017..pdf\">Godi\u0161nje izvje\u0161\u0107e o radu, 2017.<\/a><\/p>\n<p>Na stranicama Ministarstva financija mo\u017ee se prema bilo kojoj upisanoj kategoriji dobiti uvid u financijsko izvje\u0161\u0107e udruge<\/p>\n","protected":false},"excerpt":{"rendered":"<p>Strate\u0161ki plan 2026.-2030. FICE Hrvatska Operativni plan za 2026. FICE Hrvatska Financijski plan udruge za 2026. Izvje\u0161\u0107e o radu udruge za 2025. Financijsko izvje\u0161\u0107e udruge za 2025 Operativni plan za 2025. FICE Hrvatska Izvje\u0161\u0107e o radu udruge za 2024 Financijski plan za 2025. Financijsko izvje\u0161\u0107e za 2024. Financijski izvje\u0161taj 2023. FINA.xls Operativni plan za 2024. &hellip; <a href=\"https:\/\/fice.hr\/?page_id=292\" class=\"more-link\">Continue reading <span class=\"screen-reader-text\">Godi\u0161nja izvje\u0161\u0107a o radu<\/span><\/a><\/p>\n","protected":false},"author":1,"featured_media":0,"parent":2,"menu_order":0,"comment_status":"closed","ping_status":"closed","template":"","meta":[],"_links":{"self":[{"href":"https:\/\/fice.hr\/index.php?rest_route=\/wp\/v2\/pages\/292"}],"collection":[{"href":"https:\/\/fice.hr\/index.php?rest_route=\/wp\/v2\/pages"}],"about":[{"href":"https:\/\/fice.hr\/index.php?rest_route=\/wp\/v2\/types\/page"}],"author":[{"embeddable":true,"href":"https:\/\/fice.hr\/index.php?rest_route=\/wp\/v2\/users\/1"}],"replies":[{"embeddable":true,"href":"https:\/\/fice.hr\/index.php?rest_route=%2Fwp%2Fv2%2Fcomments&post=292"}],"version-history":[{"count":29,"href":"https:\/\/fice.hr\/index.php?rest_route=\/wp\/v2\/pages\/292\/revisions"}],"predecessor-version":[{"id":1249,"href":"https:\/\/fice.hr\/index.php?rest_route=\/wp\/v2\/pages\/292\/revisions\/1249"}],"up":[{"embeddable":true,"href":"https:\/\/fice.hr\/index.php?rest_route=\/wp\/v2\/pages\/2"}],"wp:attachment":[{"href":"https:\/\/fice.hr\/index.php?rest_route=%2Fwp%2Fv2%2Fmedia&parent=292"}],"curies":[{"name":"wp","href":"https:\/\/api.w.org\/{rel}","templated":true}]}}